is the tens digit of k?
0
Suppose 0 = -4*j - 2*y - 6, -5*j - 4*y = -8*y + 1. Let u be ((-30)/36 - j) + 34/12. Suppose 0*g + 836 = u*i - 2*g, -g - 841 = -3*i. What is the tens digit of i?
8
Suppose 210*u - 179*u = 364281. What is the hundreds digit of u?
7
Let w(p) = 22*p - 51. Let o(u) = 5*u - 13. Let t(c) = -9*o(c) + 2*w(c). What is the units digit of t(-6)?
1
Suppose 0*w - 8 = -2*n + w, 4*n - w - 12 = 0. Let i = n + 518. What is the hundreds digit of i?
5
Let k be -3 - (4 - (-50)/(-5)). Let x(a) = a - 2. Let j be x(k). What is the units digit of (-11 + -98)/(j/(-1))?
9
Suppose 41 = -2*j + 39. Let u be j/2*(-10 + 4) + 0. Suppose -904 = -11*h + u*h. What is the tens digit of h?
1
Let z(p) = 3*p**2 + 19*p - 2. Let h be z(-5). Let f = 182 - h. What is the tens digit of f?
0
Let q = -2131 - -2268. Let a = 61 - 27. Suppose -q = -b + a. What is the hundreds digit of b?
1
Let s(g) = -177*g**3 - 7*g**2 - 79*g - 241. What is the hundreds digit of s(-3)?
7
Let h(r) = r**2 + r - 54. Let a be h(0). Let l(n) = n**3 + 11*n**2 + 10*n. Let p be l(-6). Let w = a + p. What is the tens digit of w?
6
Let f = 1296 - -276. What is the hundreds digit of f/15 + 12/10?
1
Suppose 3902 = 5*k + 3*z - 33444, 4*k - 29890 = 2*z. What is the thousands digit of k?
7
Let p(w) = -8*w - 111. Let n be p(-12). Let d(m) = m**3 + 18*m**2 + 2*m + 32. What is the hundreds digit of d(n)?
6
Suppose -c = -5*z - 10078, c + 3*c = -5*z + 40262. Let i be c/27 + (-5)/(-45). Let f = -139 + i. What is the tens digit of f?
3
Let i be (2/(-8))/(8/(-128)). Suppose i*v + 9 = 73. What is the tens digit of -114*(-3 + (-2)/(v/(-12)))?
7
Suppose -10487 = -28*l + 5305. Let u = l - 313. What is the tens digit of u?
5
Let o = -49 + 17. Let f be (-136)/o + (-1)/4. Suppose -3*i = -2*l + 65 - 13, -f*l + 5*i = -100. What is the tens digit of l?
2
Let i = -222 + 505. Suppose 0 = 6*s - i - 161. Let b = -63 + s. What is the tens digit of b?
1
Suppose -531867 = -65*k - 188*k + 303286. What is the tens digit of k?
0
Let f be (-33)/(-18) - (-2 + (-22)/(-12)). What is the tens digit of (5 + -4)/((-3)/(f + -2396))?
9
Let p = -49569 - -97498. What is the hundreds digit of p?
9
Let z(k) = 131*k**2 - 8*k - 237. What is the tens digit of z(8)?
8
Let w(h) = 2*h**2 + 59*h - 551. What is the tens digit of w(15)?
8
Suppose 2*y - 6*y + x + 741 = 0, -2*x - 930 = -5*y. Let c be -18*1/((-6)/2). Suppose -c*o + y = -200. What is the units digit of o?
4
Let m(y) = 5*y. Let v be m(-1). Let k be (-4 + (-10438)/85)/((-2)/(-5)). What is the units digit of (v - k)*(-1 + 4)/6?
6
Let f(i) = -i**3 + 107*i**2 + 157*i + 996. What is the hundreds digit of f(104)?
7
Let h(f) = -f**3 - 16*f**2 + 21*f + 12. Let u be h(-16). Let b = u - -1188. What is the hundreds digit of b?
8
Suppose 3*o = 3*q - 87, q - 4*o = 6*q - 172. Suppose -d + 1 = -4*j, j = -4*d + 5*j - q. What is the tens digit of 8/176*-4 + (-1740)/d?
5
Let a(q) = q**3 + 56*q**2 - 8*q - 601. What is the ten thousands digit of a(-51)?
1
Let b(y) = y**3 + 18*y**2 + 13*y - 9 - 2 - 6. Let g be b(-16). Suppose 35 - g = -4*h. What is the units digit of h?
3
Suppose 7*x - 3*w - 35 = 2*x, -5*w = -5*x + 45. Suppose 103 = -3*l - x*r + 937, 0 = 3*r. What is the tens digit of l?
7
Let z = 56 + -56. Suppose -3*r + 9 = -z*r. What is the units digit of r - 40/12 - 145/(-3)?
8
Let d = 7192 + 2900. What is the thousands digit of d?
0
What is the hundreds digit of 472/56 + -8 - 4651*(-39)/21?
6
Suppose -2*a + 80 = 4*c + 2*a, 0 = -3*c - 5*a + 70. Suppose -3*i + 4*g = -762, 20*g + 1265 = 5*i + c*g. What is the hundreds digit of i?
2
Suppose 2*u + 3*v = 14120 - 1961, -3*v = 4*u - 24333. What is the thousands digit of u?
6
Let m(u) = -u + 1728. Let b(q) = -q**2 + 1. Let y(x) = b(x) + m(x). Let c be y(0). Suppose -9*k = -2*k - c. What is the units digit of k?
7
Suppose -24 = 161*f - 173*f. Let z = 1051 + -748. Suppose -4*y = -3*k - 664, -f*y + z = -k - 31. What is the units digit of y?
9
Suppose 159*g - 2391826 - 2215994 = 0. What is the tens digit of g?
8
Suppose 61*x + 14421 = 80*x. Let j = x - -391. What is the thousands digit of j?
1
Suppose 0 = 411*n - 410*n + 1, -2*h = -5*n - 9423. What is the hundreds digit of h?
7
Suppose 30*r - 38*r - 2472 = 0. Let u = r - -1869. What is the hundreds digit of u?
5
Let j(t) = -2*t**2 - 59*t + 40. Suppose -2*p - 3*l + 7*l - 38 = 0, -4*p - 5*l = 115. What is the units digit of j(p)?
5
Let x(k) be the first derivative of -7*k**2/2 + 9*k - 348. Let g(a) = 6*a - 3. Let q be g(-3). What is the hundreds digit of x(q)?
1
Let h = 139 - 139. Suppose 0 = -4*g - 3*s + 2*s + 824, h = -4*g + 4*s + 804. What is the units digit of g?
5
Let o(t) = 3381*t + 1311. What is the tens digit of o(8)?
5
Let c = 133 - 131. Suppose -2*b - 4*y + 452 = 0, -c*b - 6*y = -y - 452. What is the units digit of b?
6
Suppose 0 = 2*r, 7 = 3*s + 4*r + 1. What is the hundreds digit of ((-16833)/(-186))/(s/12)?
5
Suppose -85*n = -90*n + 25. Let f(b) = 36*b**2 + 10*b - 56. What is the units digit of f(n)?
4
Suppose -42*l = -37*l. Let n(k) = -1472*k + 2. Let u be n(-1). Suppose l = -18*y + 2288 + u. What is the units digit of y?
9
Let l be 3 + 0 - (1 - 3). Suppose 996 = 3*b - 2*c, 0 = -l*b + b + 2*c + 1328. Let t = b + -107. What is the tens digit of t?
2
Let y(r) = -138*r + 224. Let s = -705 - -697. What is the units digit of y(s)?
8
Let i = 5523 - 2410. What is the tens digit of i?
1
Let m(c) = 183*c**2 - 21*c + 72. Let b be m(3). Suppose -260 + b = 4*t. What is the tens digit of t?
4
Let o(q) = 3*q - 63. Let p be o(22). Suppose l + j + 3*j - 126 = 0, 2*l + p*j = 242. What is the tens digit of l?
1
Let k = -142 - -112. Let u be -2 - k/14 - (-203)/(-49). What is the units digit of ((-2)/u)/(335/(-112) - -3)?
6
Let b = 23 - 24. Let n(a) = 21*a**2 - a - 2. Let y be n(b). What is the units digit of (y - 17)*67/3?
7
What is the hundreds digit of (-546706)/(-114)*(0 - -1) - (-3)/9?
7
Suppose 0 = 5*u - 2*h - 101592, 2*u + 49*h = 53*h + 40656. What is the hundreds digit of u?
3
Suppose -994*t = -996*t - n + 107070, -n - 160620 = -3*t. What is the tens digit of t?
3
Let y = 285 + 15799. What is the thousands digit of y?
6
What is the tens digit of ((-1070)/(-15) - 5) + 8/12?
6
Suppose -2*s + 1287 + 7023 = -7468. What is the hundreds digit of s?
8
Suppose -3*n = -0*n. What is the tens digit of -1 + (-1 - (n + -303))?
0
Let x = -20332 - -31476. What is the units digit of x?
4
What is the units digit of -3 - ((-122756)/10 - (13 + (-693)/55))?
3
Let n(c) = -c**2 + 11*c + 16. Let o be n(11). Let h = o - 7. What is the units digit of h/((-9)/(-2)) - 109*-2?
0
Let f = -312 + 316. Suppose q = 110 + 594. Suppose 8*i - f*i - q = 0. What is the tens digit of i?
7
Let o(j) = j**3 - 11*j**2 - j + 14. Let v be o(11). Suppose 15 = -3*f, v*a - 2*f - 638 = 1199. What is the hundreds digit of a?
6
Let j(k) = -35*k - 38. Let u(m) = -36*m - 36. Let v(b) = 2*j(b) - 3*u(b). What is the hundreds digit of v(8)?
3
Let b = -125 + 128. Suppose -3*d = -2*a + b*a - 436, 3*d - 5*a - 448 = 0. What is the units digit of d?
6
Suppose -27 = -11*x + 2*x. Suppose x*g = g - h + 69, 3*h = -2*g + 75. What is the units digit of (0 + -8)*(1 - g/6)?
6
Suppose 4*z + 168 = 1768. Let l = -77 + z. What is the hundreds digit of l?
3
Let x(z) = -2 - 7*z + 6*z + 28*z. Suppose -5*y = -3*h - 4 + 14, 4*y - 5*h + 21 = 0. What is the tens digit of x(y)?
2
Suppose 67 = 3*p - 5. Suppose p*o - 7747 = -451. What is the units digit of o?
4
Let w = -2195 + 2496. Let h(i) = i**3 + 4*i**2 + 3*i + 1. Let k be h(-3). What is the hundreds digit of w/(-14)*(-6)/k?
1
Suppose 0 = 5*o + 5, 0 = 2*b - 2*o + o - 1. Let d be 3 + (0 + 3 - 4) - b. Suppose 0*c + 5*g = -c + 93, -d*c - 5*g = -191. What is the tens digit of c?
9
Let f(m) = -7*m**2 - 4*m + 8. Let u be f(0). Suppose -4*v + 4316 = -a, -u*v + 1094 = -7*v - 4*a. What is the units digit of v?
8
Suppose -5*v + 2*k = -2, 5 = -0*v + 2*v - 5*k. Let w be (0/1)/(2 - 0). What is the units digit of 137/(-5)*(w + -5 - v)?
7
Let w be (-1 - 43)/(3 - 2). Let m be (0 + 37)*(17 + -15). Let y = m + w. What is the tens digit of y?
3
Let m(w) = 5974*w - 4311. What is the units digit of m(5)?
9
Suppose 109*g - 2489598 - 1672240 = 0. What is the tens digit of g?
8
Suppose -5*m - 148 - 227 = 0. Let f = m - -79. Let y(s) = 3*s**2 - 3*s + 4. What is